5*y + 127 = 50*l. Let c(q) = q**2 - 10*q - 5. Let v be c(-7). Let p = v + l. List the prime factors of p.
53
Suppose -2*g + 2 = 0, -5*b + g - 7 = -g. Let f = 1 + b. Suppose -15*h + 19*h - 184 = f. List the prime factors of h.
2, 23
Let k(o) = -o**3 + 3*o**2 - o + 1. Let j be k(3). List the prime factors of (-334)/((-44)/33*(-3)/j).
167
Suppose 3*w + 0*y = -3*y + 21, 0 = 4*w + 2*y - 18. Suppose w*d - 11 = -19. Let h(n) = -9*n - 15. What are the prime factors of h(d)?
3, 7
What are the prime factors of (45/6 + -3)/((148/696)/37)?
3, 29
Let g(p) be the first derivative of -65*p**2/2 + 10*p - 101. What are the prime factors of g(-8)?
2, 5, 53
Suppose r = -z + 20, -6*z + z + 10 = 0. Suppose a + 21 - r = 0. What are the prime factors of (a - -1 - -3) + 157?
2, 79
What are the prime factors of ((-6)/(-4)*1736/(-310))/((-2)/7870)?
2, 3, 7, 787
List the prime factors of (-4592596)/(-76) + 400/3800.
3, 20143
Let g(o) = 7*o**2 - o + 1. Let k be g(1). Let w(h) = -h**3 + 15*h**2 - 3*h + 4. What are the prime factors of w(k)?
3, 5
Suppose 9388 = -5*x + c, 3*x - 5*c = -8100 + 2476. What are the prime factors of (x/15)/(13/(-65))?
2, 313
Let h(t) = 28*t - 14. Let i(p) = -29*p + 16. Let k(a) = -7*h(a) - 6*i(a). What are the prime factors of k(-2)?
2, 23
Let n be (-3)/(-4)*(-5 - -5029)/1. Suppose 2602 + 406 = 4*o - 4*y, -5*o = 3*y - n. List the prime factors of o.
3, 251
Let v(g) = 4*g**2 - 60*g + 1704. List the prime factors of v(59).
2, 1511
Let z = 1035 + -452. Suppose 0 = -4*a - 4*i + 2300, -a + 6*i + z = 5*i. List the prime factors of a.
3, 193
Let d = 45 + -43. Suppose 5*g - d = -j + 3, -g + 4*j = -1. List the prime factors of (-3)/g - (-480)/5.
3, 31
Let x(k) = 12*k**2 - 19*k + 6. Let u(o) = -18*o**2 + 29*o - 10. Let j(c) = 5*u(c) + 8*x(c). List the prime factors of j(-6).
2
Let l(n) = -49*n - 56. Let c be 20/12*(-30)/5. What are the prime factors of l(c)?
2, 7, 31
Suppose -4*z = f - 104, -z = -3*f + 2*f + 124. What are the prime factors of ((-135)/12)/((-1)/(f/2))?
3, 5
Let s = 19951 - 6250. List the prime factors of s.
3, 4567
Suppose -9 = -j - 3. Let a be (-27)/(-6) + (-3)/j. Suppose -2*m - 248 = -a*p, -248 = -3*p - p - m. List the prime factors of p.
2, 31
Let x(p) = 152*p - 469. Let h be x(3). Let q(c) be the second derivative of c**4/6 + 17*c**3/6 + 6*c**2 + c. List the prime factors of q(h).
3, 43
Let b(n) = -381*n - 28. Let o be b(-2). Suppose 3*a - 4*y - 1091 = 0, -2*a + y = -3*y - o. What are the prime factors of a?
3, 7, 17
Let t be (-5)/((-30)/6648) - 6. List the prime factors of -4*3/((-24)/t).
19, 29
Suppose 3*a = 5*a + 222. Let x = a + 233. Suppose -7*t + x = -186. What are the prime factors of t?
2, 11
Let a(u) = -10*u**3 + 11*u**2 + 17*u - 30. List the prime factors of a(-15).
2, 3, 5, 599
Suppose 13*o - 168 = 10*o. Let b = o + -54. Suppose -b*d = 4*a - 5*d - 404, -3*a = -3*d - 303. List the prime factors of a.
101
Let g be 69*(-4 + -2) + (3 - -1). Let z = g - -817. List the prime factors of z.
11, 37
Let h = 46880 + -30487. List the prime factors of h.
13, 97
Let y(k) = 5*k**2 + 77*k + 362. List the prime factors of y(-5).
2, 3, 17
Suppose -45*b + 47*b + 2 = 0, 5*b = 2*s - 20123. List the prime factors of s.
3, 7, 479
Let m(v) = 30*v - 4. Let b(u) = -8*u + u + 5 - 23*u. Let i(f) = -3*b(f) - 4*m(f). List the prime factors of i(-4).
11
Let a = 141375 - 94109. List the prime factors of a.
2, 23633
Let n(r) = 6*r - 10*r**2 + r**3 + 3*r - r + 12. Let d be n(10). Let y = -54 + d. What are the prime factors of y?
2, 19
Let v(s) = 372*s + 31. Let k be v(4). Suppose -2*b - 5*b = -k. Let r = 411 - b. What are the prime factors of r?
2, 97
Suppose -4*i - 289 = 2863. Let h = -490 - i. List the prime factors of h.
2, 149
Let d(r) = 8*r - 1. Let k be d(2). Suppose -j + 35 = -k. Let n = 12 + j. List the prime factors of n.
2, 31
Suppose 0 = -51*a + 45*a + 7536. List the prime factors of a.
2, 157
Suppose -2*g - 57 = -5. Let c(t) = 2*t + 57. Let n be c(g). Suppose n*l + 78 = 518. List the prime factors of l.
2, 11
Let r = -124478 - -190052. What are the prime factors of r?
2, 3, 3643
List the prime factors of (-16)/128 + 373285/40.
2, 2333
Let v be 3/9*(-5 + 371). Let x = -191 + v. Let g = 18 - x. What are the prime factors of g?
3, 29
Suppose 2*d = 3*h + 20788 - 65194, -d = 5*h - 73984. What are the prime factors of h?
2, 7, 151
Let t = 1300 - 1836. Let v = 1925 + t. List the prime factors of v.
3, 463
Let u = 21952 + -13465. List the prime factors of u.
3, 23, 41
Suppose 0 = 2*n, 9*x - 10*x + 8 = -4*n. Let a(v) = 26*v - 18. What are the prime factors of a(x)?
2, 5, 19
Let o = 21890 - 16254. What are the prime factors of o?
2, 1409
Suppose -2*x - 11 - 13 = 0. Let u be (1 + (x - -3))/((-2)/28). Let z = 12 + u. What are the prime factors of z?
2, 31
Let a(o) = -o**2 - 2*o + 69. Let n(r) = r - 6. Let b be -18*((-2)/(-21) + 6/(-14)). Let l be n(b). What are the prime factors of a(l)?
3, 23
Let k be (-1 + 4 - 5)*-55. Let b be -7 - -9 - (-8)/(-4). Suppose -2*x = d - 112 - k, b = 5*d - 5*x - 1050. What are the prime factors of d?
2, 107
Suppose -2*k = 2*k - 4*w + 1524, 4*k - w + 1518 = 0. Let i = 266 + k. Let b = -35 - i. List the prime factors of b.
2, 3, 13
List the prime factors of (-5)/40 + ((-31311)/(-56) - -5).
2, 3, 47
Let y = 21915 + 9288. What are the prime factors of y?
3, 3467
What are the prime factors of (378/(-35) + 10)*-2215?
2, 443
Let g = 20209 + -4848. What are the prime factors of g?
15361
Let m be 7 + -10*(-3)/(-6). Suppose -329 - 791 = -2*a - 2*j, -3*a + 1700 = -m*j. What are the prime factors of a?
2, 3, 47
Let o(j) = 3*j**3 + 8*j**2 + 10*j + 8. Let y be o(-6). Let k = y + 1046. Suppose 7*d = 913 + k. List the prime factors of d.
13, 17
Let p be 6/48 - (-2 - 34/(-16)). Suppose p = 15*f - 11433 + 1863. List the prime factors of f.
2, 11, 29
What are the prime factors of (72 - 4)/(10/2180*1)?
2, 17, 109
Suppose 0 = -162*o - 90705 + 2363241. List the prime factors of o.
2, 3, 7, 167
Let m = -20050 + 56737. What are the prime factors of m?
3, 7, 1747
What are the prime factors of (-4 - -5)*-4*-4253 + -6 + 0?
2, 11, 773
Let c = 27 - 6. Suppose s = -3*k + 2*s + c, -s = -k + 7. Suppose 36 = h + k. List the prime factors of h.
29
Suppose 5*z + 12 = -4*s, 0*s = 5*z + 5*s + 10. Let g(i) be the second derivative of 11*i**4/12 + i**3/6 - 3*i**2 + 21*i. What are the prime factors of g(z)?
2, 83
Let t(z) = -3*z**2 - z - 527. Let y be t(0). Let q = y + 761. What are the prime factors of q?
2, 3, 13
Let v = 20 - 17. Suppose g - v = -1. Suppose 2*m + 2*c = 170, -g*m + 5*c - 173 = -4*m. What are the prime factors of m?
2, 3, 7
Suppose 0 = -5*o - 5*r + r - 1572, -4*r = -4*o - 1236. Let g = o - -343. List the prime factors of g.
31
Let r(v) be the first derivative of 17*v**4/24 + v**3/3 + 8*v**2 - 1. Let s(c) be the second derivative of r(c). What are the prime factors of s(5)?
3, 29
Let u(h) = 466*h**2 + 20*h + 31. Let w be u(-2). Let j = -991 + w. List the prime factors of j.
2, 3
Let q be (-1 - -1) + 1 + -1. Suppose -4*a = 20, 2*s - 737 = -q*s - 5*a. List the prime factors of s.
3, 127
Suppose -3*s + 15349 = -60422 - 63654. What are the prime factors of s?
5, 11, 13
Let b(m) = -m**3 + 3*m**2 + 5*m + 2. Let w be b(4). Let v = 816 + -813. Suppose -w*o - v*o + 621 = 0. List the prime factors of o.
3, 23
Let r be (253/(-3))/((-2)/96*4). Suppose 5*o = -2*i + 498, -o = 4*i + o - r. What are the prime factors of i?
2, 127
Let r(q) = -17*q - 1. Let f be r(-1). Suppose -f*d + 5590 = -2074. What are the prime factors of d?
479
Suppose 0 = 3*z + 6, -2*z = 6*g - 3*g - 359. Let q = g + -81. What are the prime factors of q?
2, 5
Let t(r) = -r + 8. Let l be t(8). Let v(k) = -k - 153. Let g be v(l). Let x = 245 + g. What are the prime factors of x?
2, 23
Let x = -2085 + 10130. List the prime factors of x.
5, 1609
Let s be ((-18)/27)/((-2)/(-9)). Let p(b) = -2*b - 6. Let i be p(s). Suppose 0 = -t + 5*n - 7 + 78, t - 2*n - 62 = i. What are the prime factors of t?
2, 7
Let h(d) = -4*d**2 + 8*d + 17. Let y(u) = -2*u**2 - u + 5. Let x be y(2). Let n be h(x). Let r = -46 - n. What are the prime factors of r?
7, 11
Let v(r) = -r**3 - 12*r**2 - 17*r + 3. Let d be v(-14). List the prime factors of (1 + 0)/(3/d).
211
Let r(g) = -g**3 + 3*g**2 - 9*g + 35. Let a be r(3). Let 